0). Suppose 3*k + h = y, 5*k - 5*h - 135 = -0*k. What is the greatest common divisor of 110 and k?
22
Let x(r) = -r + 6. Let i be x(3). Let t be -7*-3*i/3. What is the highest common factor of 3 and t?
3
Suppose 2*i = 3*m - 6*m + 58, -5 = 5*i. What is the highest common factor of 8 and m?
4
Let o(h) be the third derivative of -h**4/3 - 4*h**3/3 - 3*h**2. Let g be o(-7). Suppose 0*k + 2*k = 64. Calculate the highest common divisor of k and g.
16
Suppose -30 = 20*m - 22*m. Calculate the greatest common factor of 20 and m.
5
Let a be ((-2)/5)/(10/(-25)). Let t be (-2 + a)*2 - -128. What is the greatest common divisor of 14 and t?
14
Let z = 0 - -26. Suppose 0 = 3*i - 6*i. Let x be 0/(-2) + (i - -13). What is the greatest common divisor of z and x?
13
Let x = -84 - -128. What is the highest common factor of 11 and x?
11
Let d(q) = 3*q - 1. Let t be d(-1). Let c(h) = -h + 5. Let j be c(t). Suppose 0 = 2*v - 31 + j. What is the highest common factor of v and 11?
11
Suppose -100 + 2 = -7*r. What is the highest common divisor of 70 and r?
14
Suppose 4*c = -c + 40. Let l(v) = 2*v**2 - 10*v - 2. Let t be l(c). What is the highest common divisor of t and 69?
23
Let n = 33 + -19. Let z(g) = -9*g + 106. Let m be z(11). Calculate the greatest common factor of m and n.
7
Suppose 0*c - 5*s = -5*c + 105, -3*s = -2*c + 41. Suppose 4*f - 58 = -c. What is the highest common divisor of 36 and f?
9
Let h = 28 - 22. Calculate the highest common divisor of 54 and h.
6
Let o = 7 - 7. Let n be 1/((-2)/(-4)) - -3. Let m be (o + 1)/(n/100). Calculate the greatest common factor of m and 100.
20
Let a be 2*((-34)/(-4) + -3). Suppose a = 3*h + 2. What is the highest common factor of 30 and h?
3
Suppose 4*k + 20 = d, -4*d = k - 14 - 32. Let q = -1 + 3. Let i be q*(2 - 3) - -10. What is the highest common factor of i and d?
4
Suppose -2*v + 171 = 5*u - 0*v, 5*u = -5*v + 180. What is the greatest common divisor of u and 264?
33
Suppose 2*w = 2*m - m - 10, -4*m = -3*w - 25. Suppose 3*z - 3*t - 6 = 0, 3*t + 19 = 7. Let r be w*(0 + z/6). Calculate the greatest common factor of 3 and r.
1
Let o be (-5 + 2)/(18/(-5) + 3). Calculate the greatest common factor of o and 2.
1
Suppose -4 = -4*f + 3*f. Suppose 5*t - 3*o - 226 = 0, f*t = t + o + 134. Calculate the highest common divisor of 11 and t.
11
Suppose d - 41 = 4*j + 38, 4*j = -4*d + 356. Calculate the greatest common factor of 29 and d.
29
Let w = -8 - -14. Suppose 0 = -5*t + 5*o + 190, w*t = 3*t - o + 102. Calculate the highest common factor of t and 14.
7
Let b be (-1)/3 + 73/3. Let l = -72 - -102. Suppose 0 = 3*p - l - 18. What is the highest common divisor of p and b?
8
Let v = -20 + 152. Let t = -31 + 43. What is the highest common factor of v and t?
12
Suppose -79 = j - 84. Calculate the greatest common factor of 25 and j.
5
Suppose 3*n - 4*d = 31, -3*n = -2*d - 11 - 18. Suppose 3*r - 33 = -t, -6*t + 2*t + r + 145 = 0. What is the greatest common divisor of n and t?
9
Let t be 4 - (2/2 - 29). Suppose f + 36 - 132 = 0. What is the greatest common factor of f and t?
32
Let h = 26 - 10. Let g(o) = o**2 - 2*o - 5. Let j be g(5). Let i = j + -6. Calculate the greatest common factor of i and h.
4
Suppose 3*r + 0*r = 5*o + 18, -r + o + 8 = 0. What is the highest common divisor of 1 and r?
1
Suppose -3*f + 3 = 0, 3*n = 6*n + f - 4. Let a(k) = -k + 6 - n + 2*k. Let z be a(-3). Calculate the greatest common divisor of 16 and z.
2
Let z be 4 - 30*(0 - 1). What is the highest common divisor of z and 204?
34
Let z = 22 - 8. What is the greatest common divisor of 7 and z?
7
Suppose d + 2 - 4 = 0. Suppose 3*r + n - 116 - 141 = 0, 4*r - d*n = 326. Let h = 25 - 13. What is the highest common divisor of r and h?
12
Let i(f) = 13*f**2 + 6*f - 7. Let t be i(3). Calculate the greatest common divisor of 32 and t.
32
Suppose 5*y = x + 179, -4*y + 88 + 55 = -x. Let u = 31 + -19. What is the highest common divisor of y and u?
12
Let f(y) = -16*y - 1. Let t be f(-1). Suppose q = -4*s - 1, -5*q - 35 + 6 = -4*s. Let j = t - s. Calculate the highest common divisor of j and 28.
14
Let v(f) = 474*f**3 + 2*f**2 - 5*f + 2. Let k be v(1). What is the highest common divisor of 11 and k?
11
Let w(m) = -m**3 + 7*m**2 - 3*m - 5. Let j be w(6). What is the highest common divisor of 13 and j?
13
Let f be (-212)/(-18) - (-8)/36. Calculate the greatest common divisor of f and 96.
12
Let f = 207 - 130. Let w = 16 - -2. Suppose -2*t + w = -4. Calculate the highest common divisor of t and f.
11
Let d = 0 + 150. Calculate the highest common divisor of 30 and d.
30
Suppose 7*s - 3*s = -c + 15, 2*c = -s - 5. Let k = c + 8. Let q be -1 + 1 + k*10. What is the greatest common factor of q and 15?
15
Let l = 64 + -45. Let k = 30 - l. Let g(v) = -87*v**3 - 2*v - 1. Let w be g(-1). What is the greatest common factor of w and k?
11
Let s(i) = i**3 + 6*i**2 - 3*i - 4. Let x be s(-6). Suppose -4*h - l = -88, 2*l + 0*l = -4*h + 92. Calculate the greatest common divisor of h and x.
7
Suppose 2 = 2*q - 4. Let j = 25 + -4. Calculate the highest common divisor of j and q.
3
Suppose -3*r = -2*r - 96. What is the greatest common factor of 6 and r?
6
Let y = 9 - 7. Suppose -2*q + y*m = -2, 0 = 3*q + q + 2*m - 34. What is the greatest common divisor of q and 42?
6
Let u = -21 - -35. Suppose -6 = -5*g + u. Suppose 5*m - 1 = g*z, z + 3 = 2*m - 1. Calculate the greatest common factor of z and 2.
2
Let z be ((-12)/36)/((-1)/135). Calculate the greatest common factor of 18 and z.
9
Suppose v + 3*s - 75 = 0, 4*s = -2*v + 2*s + 130. Calculate the highest common factor of 15 and v.
15
Let g(s) = -3 + 3*s**3 - 2*s**3 - 1 - 6*s**2. Let h be g(6). Let w be (h/5)/(2/(-20)). Calculate the greatest common divisor of w and 72.
8
Suppose -3*c = -30 - 6. Suppose 2*j - 101 = u, -2*u = -2*j - 3*j + 250. Calculate the highest common divisor of j and c.
12
Suppose 4*p - 57 = 23. Calculate the greatest common factor of 140 and p.
20
Suppose 6*r = 10*r - 240. What is the greatest common divisor of 24 and r?
12
Let d = 11 + -7. Let t = 7 - d. What is the highest common divisor of 21 and t?
3
Let m = -104 + 115. What is the highest common divisor of 77 and m?
11
Let g be (1/2)/(1/(-22)). Let r = 18 + g. Let j = -3 + r. What is the highest common divisor of j and 20?
4
Let f be 4*(-2 - 0/2). Let k be 12/16 + (-1338)/f. Calculate the greatest common divisor of k and 21.
21
Let f(t) = t**2 - 9*t + 5. Let r be f(9). Let l be 5*(1 + 7/r). What is the greatest common divisor of l and 60?
12
Suppose -8*d + 5*d = -189. Calculate the greatest common factor of d and 7.
7
Suppose -4*y = 3*a + 9, -3*y - 1 = 2*a + 5. Suppose m - 3*u - 26 = y, 21 = 3*m - 2*m - 2*u. Calculate the highest common divisor of 44 and m.
11
Suppose 41*g = 38*g + 45. What is the highest common factor of g and 5?
5
Suppose -w - 5*a + a = -19, 0 = 4*w - a - 42. Suppose 5*m + 2*h = -h - 701, 3*m = 3*h - 411. Let g = 227 + m. What is the greatest common divisor of g and w?
11
Let m be -2 + 2 - -6 - 0. Let i be -5*(-2)/(2/(-1)). Let k(w) = -5*w - 1. Let j be k(i). What is the highest common factor of j and m?
6
Suppose 2*h + 4 = 16. Let x be 216/15*375/6. Suppose k = h*k - x. What is the greatest common divisor of k and 20?
20
Let w(v) = v + 3. Suppose 4*k - 3 = -3*g + 10, 5*k = -5*g + 15. Let d be 1 + 5 + g + 0. Let n be w(d). What is the greatest common factor of 56 and n?
8
Let v(q) = 20*q - 2. Let k be v(4). Let s(j) = 6*j + 4. Let g be s(8). What is the greatest common factor of k and g?
26
Let t be 9 + -6 + 22/2. What is the greatest common factor of t and 98?
14
Suppose -5*i + 11 = 1. Suppose i*g + 3*v = 104, -4*g - 9 + 239 = -5*v. Let u = 39 + -17. What is the highest common divisor of g and u?
11
Suppose 0*v = -8*v + 552. Calculate the greatest common factor of 23 and v.
23
Suppose 0 = -8*k + 10*k - 20. Calculate the greatest common factor of 5 and k.
5
Let t(v) = v**3 + 4*v**2 - 6*v. Let i be t(-5). Suppose -2*m + 8*s - 4*s = -36, -69 = -i*m + 3*s. Calculate the highest common factor of 24 and m.
12
Let k be -29 + 1/((-3)/6). Let u = k + 54. Suppose 0 = l + 4*n - 9*n - u, 30 = 2*l - 2*n. What is the greatest common divisor of l and 117?
13
Suppose 0 = -a + 4*r + 12, 3*r = 10*a - 14*a + 86. Let q = -2 - -6. Suppose q*x - 30 = x. Calculate the